site?
True
Is 75544046 prime?
False
Is 26892287 prime?
True
Is 28113077 a prime number?
True
Is 132991483 a prime number?
False
Is 11790251 a composite number?
True
Is 3589699 a prime number?
True
Is 13407601 a composite number?
False
Is 225119 composite?
False
Is 40424369 composite?
False
Is 24147833 composite?
False
Is 7386139 a prime number?
False
Is 5258489 prime?
True
Is 3982877 a composite number?
False
Is 48127529 a composite number?
False
Is 6423091 a composite number?
False
Is 20474501 prime?
False
Is 124973969 prime?
False
Is 52187323 a prime number?
False
Is 1569097 prime?
True
Is 66195473 a prime number?
False
Is 11187271 a prime number?
True
Is 7428671 a composite number?
False
Is 16837111 a prime number?
True
Is 53100901 a prime number?
False
Is 77944457 prime?
True
Is 250403 a composite number?
False
Is 7339721 a composite number?
False
Is 48973 prime?
True
Is 7661359 prime?
False
Is 439531 a prime number?
False
Is 2670301 a composite number?
False
Is 244217 composite?
False
Is 11202431 prime?
True
Is 20725811 composite?
True
Is 76012663 composite?
False
Is 21064405 a prime number?
False
Is 50068321 a composite number?
True
Is 624917 composite?
False
Is 161154057 a composite number?
True
Is 60362501 a composite number?
False
Is 114959653 prime?
False
Is 25996847 a prime number?
False
Is 4558759 a composite number?
True
Is 1069031 a composite number?
False
Is 100471327 composite?
True
Is 88763833 a prime number?
False
Is 17085622 a composite number?
True
Is 2353163 composite?
True
Is 2829517 a prime number?
False
Is 8161531 prime?
False
Is 16981379 a prime number?
True
Is 1311797 a composite number?
False
Is 6538307 a prime number?
False
Is 5667679 a composite number?
False
Is 11154077 a prime number?
False
Is 49031539 composite?
False
Is 20298653 a prime number?
False
Is 696324209 composite?
True
Is 120826 composite?
True
Is 96431591 a composite number?
True
Is 1020293 a composite number?
False
Is 67332521 prime?
False
Is 1324327 a composite number?
False
Is 2688503 composite?
True
Is 842226382 composite?
True
Is 5250589 a composite number?
True
Is 3714859 composite?
False
Is 74240117 a composite number?
True
Is 32798401 composite?
True
Is 11239693 a composite number?
True
Is 139367233 a composite number?
False
Is 14389834 a composite number?
True
Is 5913961 prime?
False
Is 547321 prime?
True
Is 71822707 prime?
False
Is 148853 a composite number?
False
Is 59312839 a composite number?
False
Is 4743089 composite?
True
Is 13238779 a prime number?
True
Is 68370919 prime?
False
Is 1754 a composite number?
True
Is 169399 composite?
False
Is 32994758 prime?
False
Is 84349159 a prime number?
False
Is 382167193 composite?
False
Is 6791933 a composite number?
False
Is 969011 composite?
False
Is 27477227 composite?
True
Is 1758422387 a prime number?
False
Is 13258139 a composite number?
True
Is 92589551 a composite number?
False
Is 31376903 prime?
False
Is 1244953 a composite number?
False
Is 114446357 composite?
False
Is 3306763 a composite number?
False
Is 1106274787 prime?
False
Is 57663329 a prime number?
True
Is 44288479 a composite number?
True
Is 428003 a composite number?
False
Is 16407511 a prime number?
False
Is 34515113 composite?
False
Is 33106007 a composite number?
True
Is 413715301 a composite number?
True
Is 45673603 prime?
True
Is 202683839 a prime number?
True
Is 3221969 a composite number?
True
Is 95461 a prime number?
True
Is 864397 a prime number?
False
Is 58557661 a composite number?
True
Is 2294594 prime?
False
Is 113208167 a prime number?
True
Is 4500007 prime?
True
Is 4387701 prime?
False
Is 383807 composite?
False
Is 5100233 composite?
True
Is 80554 prime?
False
Is 16733257 a prime number?
True
Is 67847999 prime?
False
Is 23890369 a composite number?
False
Is 4751393 a composite number?
False
Is 1136041 a composite number?
False
Is 24007601 a prime number?
True
Is 450161 composite?
False
Is 265382807 a composite number?
False
Is 1340461 composite?
True
Is 5945573 a prime number?
True
Is 25442219 a composite number?
True
Is 228176059 prime?
True
Is 102331813 prime?
True
Is 760739 composite?
True
Is 6084641 composite?
False
Is 32205353 a composite number?
False
Is 11880383 composite?
False
Is 2973277 a prime number?
True
Is 214398589 a composite number?
True
Is 3018839 a composite number?
True
Is 1345359409 a prime number?
True
Is 284849221 a prime number?
True
Is 274637 prime?
False
Is 42916009 a prime number?
True
Is 5612083 composite?
True
Is 5113836289 a composite number?
False
Is 132875183 composite?
True
Is 85234631 composite?
True
Is 210443099 prime?
True
Is 3156719 prime?
True
Is 21260185 a composite number?
True
Is 6186311 composite?
True
Is 84201941 a composite number?
False
Is 42579319 a composite number?
False
Is 677 a prime number?
True
Is 1699189 prime?
False
Is 49270723 a prime number?
False
Is 14714697 a composite number?
True
Is 716323 prime?
False
Is 2036791 a prime number?
True
Is 216201707 a composite number?
True
Is 4702957 a prime number?
False
Is 267209017 composite?
False
Is 129061981 composite?
False
Is 5028827 composite?
False
Is 20053211 composite?
False
Is 1956481 a prime number?
True
Is 70005279 composite?
True
Is 120042859 a prime number?
True
Is 2760037 a prime number?
False
Is 3342929 a composite number?
True
Is 3412469 a composite number?
False
Is 5025637 composite?
False
Is 136124459 prime?
True
Is 6112937 prime?
True
Is 280968359 a prime number?
False
Is 131267 composite?
False
Is 16821121 a composite number?
False
Is 23176177 a composite number?
False
Is 1709203 prime?
True
Is 1858009327 a prime number?
True
Is 19083047 prime?
True
Is 16522543 a prime number?
True
Is 7565347 composite?
False
Is 527273 prime?
True
Is 348911 a composite number?
False
Is 103823833 a composite number?
True
Is 1466467 composite?
True
Is 168978983 a composite number?
False
Is 1209251 a composite number?
False
Is 40055 a composite number?
True
Is 66716879 prime?
True
Is 147564613 composite?
True
Is 291427 a composite number?
True
Is 7391629 prime?
False
Is 709097 a composite number?
False
Is 129222839 composite?
True
Is 428656579 composite?
True
Is 5005757 a prime number?
True
Is 748655209 a composite number?
False
Is 677107 prime?
True
Is 18642941 composite?
False
Is 1377023 a composite number?
False
Is 41931509 prime?
True
Is 29725802 a prime number?
False
Is 373311403 a prime number?
False
Is 9534349 a composite number?
True
Is 16681633 composite?
False
Is 8886347 a prime number?
True
Is 10478597 composite?
False
Is 3371363 a prime number?
False
Is 72324251 a prime number?
False
Is 916441 a prime number?
True
Is 97501303 a composite number?
False
Is 447368342 a composite number?
True
Is 23240593 composite?
True
Is 10779623 a composite number?
False
Is 3798191 a composite number?
True
Is 45029623 a prime number?
True
Is 9154253 a prime number?
False
Is 1497187 a composite number?
False
Is 7904143 composite?
True
Is 1266215 composite?
True
Is 1793267 a composite number?
True
Is 110327 a prime number?
False
Is 7662317 a prime number?
False
Is 13498207 a prime number?
False
Is 14522569 composite?
True
Is 11011477 a composite number?
True
Is 3967919 composite?
True
Is 3528329 a composite number?
True
Is 3387803 a prime number?
True
Is 41226529 a prime number?
True
Is 947267117 a prime number?
False
Is 4631399 prime?
True
Is 7425503 a composite number?
False
Is 39388289 a prime number?
False
Is 83043239 a composite number?
False
Is 20080919 a composite number?
False
Is 465177407 composite?
True
Is 1932181 composite?
False
Is 54737623 a composite number?
True
Is 5761367 prime?
True
Is 1299481 a prime number?
False
Is 1639847 prime?
False
Is 7992311 composite?
False
Is 6794623 prime?
False
Is 2273338 a composite number?
True
Is 192256943 a prime number?
True
Is 60547853 a prime number?
False
Is 522817 a composite number?
True
Is 71941241 composite?
False
Is 2294542 prime?
False
Is 8456723 composite?
True
Is 135977 a prime number?
True
Is 33772283 a composite number?
False
Is 8460701 composite?
False
Is 809621 prime?
False
Is 29091707 a prime number?
True
Is 606337118 prime?
False
Is 149107141 a composite number?
False
Is 240293 prime?
False
Is 38485253 a prime number?
False
Is 714797 a composite number?
